is divided by 18.
15
What is the remainder when 58957 is divided by 186?
181
What is the remainder when 11090 is divided by 25?
15
What is the remainder when 679 is divided by 440?
239
Calculate the remainder when 17168 is divided by 2451.
11
Calculate the remainder when 28478 is divided by 154.
142
Calculate the remainder when 156718 is divided by 1911.
16
What is the remainder when 10343 is divided by 3066?
1145
What is the remainder when 6256 is divided by 178?
26
Calculate the remainder when 8431 is divided by 601.
17
Calculate the remainder when 842892 is divided by 556.
552
Calculate the remainder when 952847 is divided by 50.
47
What is the remainder when 815443 is divided by 14?
13
Calculate the remainder when 323 is divided by 36.
35
What is the remainder when 3545 is divided by 940?
725
What is the remainder when 255941 is divided by 104?
101
What is the remainder when 516242 is divided by 39?
38
Calculate the remainder when 529392 is divided by 264695.
2
What is the remainder when 2323 is divided by 54?
1
What is the remainder when 5524 is divided by 71?
57
What is the remainder when 85545 is divided by 250?
45
What is the remainder when 86638 is divided by 361?
359
What is the remainder when 3469 is divided by 1732?
5
Calculate the remainder when 406608 is divided by 7.
6
Calculate the remainder when 9184 is divided by 9181.
3
Calculate the remainder when 4468 is divided by 3241.
1227
What is the remainder when 89 is divided by 63?
26
What is the remainder when 302139 is divided by 74?
71
What is the remainder when 11720 is divided by 617?
614
Calculate the remainder when 9307 is divided by 139.
133
What is the remainder when 30774 is divided by 603?
21
What is the remainder when 3881 is divided by 1278?
47
What is the remainder when 24097 is divided by 171?
157
Calculate the remainder when 27339 is divided by 282.
267
Calculate the remainder when 57 is divided by 12.
9
What is the remainder when 110166 is divided by 448?
406
Calculate the remainder when 8491 is divided by 499.
8
Calculate the remainder when 56931 is divided by 195.
186
What is the remainder when 63124 is divided by 534?
112
Calculate the remainder when 103764 is divided by 614.
612
Calculate the remainder when 137029 is divided by 17125.
29
What is the remainder when 5537 is divided by 23?
17
What is the remainder when 175923 is divided by 103?
102
What is the remainder when 2649 is divided by 261?
39
What is the remainder when 2503755 is divided by 6?
3
What is the remainder when 118894 is divided by 868?
846
What is the remainder when 78542 is divided by 146?
140
What is the remainder when 38776 is divided by 281?
279
Calculate the remainder when 248149 is divided by 50.
49
What is the remainder when 2901 is divided by 2895?
6
Calculate the remainder when 20807 is divided by 20788.
19
Calculate the remainder when 64688 is divided by 78.
26
What is the remainder when 14060 is divided by 306?
290
What is the remainder when 2143 is divided by 700?
43
What is the remainder when 2335 is divided by 275?
135
Calculate the remainder when 54090 is divided by 54.
36
What is the remainder when 272222 is divided by 90726?
44
What is the remainder when 227268 is divided by 241?
5
Calculate the remainder when 2964 is divided by 957.
93
Calculate the remainder when 149270 is divided by 8.
6
What is the remainder when 106390 is divided by 244?
6
Calculate the remainder when 1381 is divided by 330.
61
Calculate the remainder when 1376006 is divided by 172000.
6
What is the remainder when 6078 is divided by 93?
33
Calculate the remainder when 375448 is divided by 322.
318
What is the remainder when 1259 is divided by 119?
69
Calculate the remainder when 55748 is divided by 59.
52
Calculate the remainder when 7394 is divided by 534.
452
Calculate the remainder when 613 is divided by 80.
53
Calculate the remainder when 9316 is divided by 4299.
718
Calculate the remainder when 24588 is divided by 30.
18
What is the remainder when 1950 is divided by 457?
122
What is the remainder when 19005 is divided by 188?
17
Calculate the remainder when 4816 is divided by 314.
106
Calculate the remainder when 7628 is divided by 449.
444
What is the remainder when 31447 is divided by 4444?
339
What is the remainder when 108193 is divided by 2924?
5
What is the remainder when 170978 is divided by 85489?
0
Calculate the remainder when 159446 is divided by 53143.
17
Calculate the remainder when 1374 is divided by 69.
63
What is the remainder when 1916 is divided by 177?
146
What is the remainder when 3061 is divided by 1273?
515
Calculate the remainder when 589077 is divided by 147265.
17
Calculate the remainder when 8319 is divided by 146.
143
What is the remainder when 4059 is divided by 1180?
519
What is the remainder when 172 is divided by 52?
16
What is the remainder when 6727 is divided by 153?
148
Calculate the remainder when 1640844 is divided by 1244.
8
What is the remainder when 18469 is divided by 9163?
143
What is the remainder when 108792 is divided by 461?
457
Calculate the remainder when 494 is divided by 21.
11
Calculate the remainder when 613 is divided by 519.
94
What is the remainder when 2192 is divided by 843?
506
Calculate the remainder when 3101 is divided by 455.
371
What is the remainder when 466 is divided by 47?
43
Calculate the remainder when 4901 is divided by 258.
257
What is the remainder when 6743 is divided by 1679?
27
What is the remainder when 164880 is divided by 1057?
1045
Calculate the remainder when 1369 is divided by 272.
9
Calculate the remainder when 21118 is divided by 5.
3
Calculate the remainder when 20602 is divided by 983.
942
Calculate the remainder when 2392684 is divided by 18.
16
Calculate the remainder when 1708799 is divided by 569598.
5
What is the remainder when 15109 is divided by 840?
829
What is the remainder when 77041 is divided by 32?
17
What is the remainder when 4290 is divided by 600?
90
Calculate the remainder when 28603 is divided by 24.
19
What is the remainder when 10981524 is divided by 305?
304
What is the remainder when 237969 is divided by 31?
13
What is the remainder when 8854 is divided by 8824?
30
What is the remainder when 2786 is divided by 927?
5
What is the remainder when 8239 is divided by 1289?
505
Calculate the remainder when 16153 is divided by 2306.
11
What is the remainder when 12856 is divided by 10?
6
What is the remainder when 2407 is divided by 1895?
512
Calculate the remainder when 194052 is divided by 155.
147
What is the remainder when 42043 is divided by 4204?
3
Calculate the remainder when 776445 is divided by 1348.
1345
Calculate the remainder when 2526 is divided by 876.
774
What is the remainder when 441 is divided by 371?
70
Calculate the remainder when 604 is divided by 127.
96
What is the remainder when 50577 is divided by 90?
87
What is the remainder when 206085 is divided by 65?
35
What is the remainder when 5019 is divided by 4946?
73
What is the remainder when 67418 is divided by 548?
14
Calculate the remainder when 95894 is divided by 8.
6
What is the remainder when 5058 is divided by 43?
27
What is the remainder when 6199355 is divided by 11?
8
What is the remainder when 20088 is divided by 1255?
8
What is the remainder when 125005 is divided by 31?
13
What is the remainder when 5417 is divided by 853?
299
What is the remainder when 448194 is divided by 112011?
150
Calculate the remainder when 46093 is divided by 668.
1
Calculate the remainder when 8198 is divided by 82.
80
Calculate the remainder when 7271 is divided by 3631.
9
Calculate the remainder when 3724 is divided by 645.
499
Calculate the remainder when 4816 is divided by 1195.
36
What is the remainder when 6105 is divided by 28?
1
Calculate the remainder when 210079 is divided by 35.
9
Calculate the remainder when 10167 is divided by 118.
19
What is the remainder when 318 is divided by 56?
38
What is the remainder when 20481 is divided by 6824?
9
Calculate the remainder when 72792 is divided by 32.
24
Calculate the remainder when 621 is divided by 238.
145
Calculate the remainder when 119282 is divided by 7016.
10
Calculate the remainder when 10207 is divided by 35.
22
What is the remainder when 1598 is divided by 108?
86
Calculat